l - 3*l - o = 89. Suppose -39 = c - 2*c - 5*q, 2*c = 4*q + l. Suppose -c = -2*x - 2*x. What is the tens digit of x?
1
Let w be ((-75)/6)/(-5)*18. Suppose -2*n - n = -w. What is the tens digit of n?
1
Let l(a) = 2*a - 2. Let t be (-2 - -1)*(2 + 1). Let w be t*-3*4/9. What is the units digit of l(w)?
6
Let g(h) = -h**2 - 2*h. Let w be g(-2). Suppose w*t - t - 7 = -v, 29 = 3*v + t. Suppose v = -2*l + 27. What is the units digit of l?
9
Let i = -95 - -171. What is the tens digit of i?
7
Let d be 0 - (3 + -2) - -10. Let y be ((-1)/(-1))/(-1)*-1. Let g = y + d. What is the units digit of g?
0
Suppose 100 = -2*n + 7*n. What is the units digit of n?
0
Let a(r) = r**2 - 5*r + 4. Let m be -2 + (4 - 2/(-1)). Let t be a(m). Suppose t = -2*h - 2*f + 30, 0 = -3*h - 5*f + 27 + 26. What is the tens digit of h?
1
Let h = -1 - -4. Suppose 3*n - n - 5*a = -9, a = h*n - 19. What is the units digit of n?
8
Suppose -13 = -4*c - 5*a, 3*c + 2 = -c - 2*a. Let v = -1 - c. Suppose v*b + 24 = 6*b. What is the units digit of b?
6
Let f(k) be the second derivative of k**5/20 - 5*k**4/12 - 5*k**3/6 - 5*k**2/2 + 3*k. Let v be f(6). Suppose v = -g + 2*g. What is the units digit of g?
1
Suppose 2*r - 4*y = y + 20, -3*r = 3*y - 9. Suppose r*o - o + 24 = 0. Let a(w) = w**2 + 6*w + 2. What is the units digit of a(o)?
2
Suppose 4 = -3*o - z - 180, 0 = -5*o + z - 312. Let k = -40 - o. What is the units digit of k?
2
Let a(y) = 5*y**2 - 8*y + 7. What is the tens digit of a(5)?
9
Let u(j) = j**3 + 3*j**2 - 2*j + 2. Let x = -2 + 4. Let g be u(x). Let r = g - 6. What is the units digit of r?
2
Suppose -2*d + 10 = -0. Suppose -v - 4 = v + 3*j, -d*j - 6 = 4*v. Let o(t) = 15*t**3 - 2*t**2 + 1. What is the units digit of o(v)?
4
Let d = -15 - -18. Suppose -7*t + 108 = -d*t. What is the tens digit of t?
2
Let f(y) = y**2 - 8*y + 5. Let v be f(8). Suppose o + x - 18 = -4*x, -2*o + v*x + 6 = 0. What is the units digit of (-10)/(-8)*1*o?
0
Let f be (-31)/(-11) + (-2)/(-11). Suppose 29 = 2*o + 5*g, -f = 4*g - 5*g. What is the units digit of o?
7
Suppose k - 3*k = -3*z + 20, -29 = -5*z - k. Suppose -4*a + z*a = -36. What is the tens digit of 4/a + 606/54?
1
Let q = 7 + 5. Let d = -4 - -22. Let y = d - q. What is the units digit of y?
6
Suppose 0 = -4*p + 11*p - 301. What is the tens digit of p?
4
Let m = 8 - 5. Suppose -20 = -m*c - c. What is the units digit of c?
5
Let s = 234 + -14. What is the units digit of s?
0
Suppose 4*l = -o + 2*o + 21, -o = 2*l - 3. Suppose 3 = -l*v - 65. Let k = v - -27. What is the units digit of k?
0
What is the tens digit of (0 - (-8)/36) + (-7332)/(-54)?
3
Suppose 4*t = -77 + 413. Suppose 0 = -2*y - 20 + t. What is the units digit of y?
2
What is the tens digit of (-7 - -24)/((-1)/(-5))?
8
Let p = 27 + -22. What is the units digit of p?
5
Let t = -1 + 0. What is the units digit of -9*(-1 + 0) - t?
0
What is the tens digit of (-8)/(-20) + (-1734)/(-15)?
1
Let w = 25 + 7. What is the tens digit of w?
3
Let s be 6/4*136/(-12). Let p = 33 + s. What is the units digit of p?
6
Let r(b) = -b**2 + 10*b + 2. Let p be r(9). Suppose -3*m = -83 + p. What is the tens digit of m?
2
Let d be (-9)/1 + 3 + 1. Let o(b) = -6*b - 5. What is the units digit of o(d)?
5
Let x(k) = 3*k**2 + 5*k. What is the tens digit of x(-7)?
1
Suppose h - 2*h = -3*v + 4, 5*h = 5*v - 20. Let f = 5 - v. What is the units digit of f?
5
Suppose -4*v - 2*v = -468. What is the tens digit of v?
7
Let k(j) = -2*j - 2. Suppose l + 13 = 3*l - 3*y, 0 = 4*l - 2*y - 14. Suppose 0 = 6*m - l*m + 12. What is the units digit of k(m)?
4
Let m(j) be the second derivative of -j**5/20 - j**4/4 + j**3/2 + 5*j. What is the units digit of m(-4)?
4
Suppose -22*b + 26*b - 456 = 0. What is the hundreds digit of b?
1
Let t(u) = u**3 - 5*u**2 + 4*u - 1. Let x be t(3). Let v = 9 + -3. Let n = v - x. What is the tens digit of n?
1
What is the hundreds digit of 438 + -3 + (-25)/(-5)?
4
Suppose -4*z + 50 = -2*z. Suppose -3*x + 2*x - 2 = -3*a, 5*a - 30 = -5*x. Suppose -m + 5*f + z = 2*m, 0 = -a*m - f + 8. What is the units digit of m?
5
Suppose -2*u + 2*r = -386, -585 = -5*u - r + 398. What is the tens digit of u?
9
Suppose -3*x = -5*x - 2. Let f = x + 4. Suppose 19 + 5 = f*s. What is the units digit of s?
8
Let i(j) = -8*j - 8. What is the tens digit of i(-4)?
2
Suppose -5*v + 34 = -2*q, -2*v + 3*q + 36 = 3*v. Suppose -k + 3 = b, 2*k + v = 2*b + 3*k. What is the units digit of -4 + 6/b + 6?
4
Suppose 25 = c + 4*c. Suppose 8 = 4*z + 16. What is the tens digit of 20/6*(c + z)?
1
Let g = 55 + -8. What is the tens digit of g?
4
Let v = 65 + -23. What is the units digit of v?
2
Let z(y) = -y + 2. Let u be z(-2). Let s = 3 - 0. Suppose 5*b + s = u*v - 12, -v = -4*b - 1. What is the units digit of v?
5
Let g(k) = -k**3 - k**2 + k + 10. Let y be g(0). Let w = -5 - -11. Let x = y - w. What is the units digit of x?
4
Let a(h) = 7*h**3 - 8*h**2 + 2. Let f(z) = 6*z**3 - 8*z**2 + z + 3. Let d(q) = 5*a(q) - 6*f(q). Let b be d(7). What is the units digit of ((-7)/b)/(-2 - -3)?
7
Let z(t) = -t**3 + 8*t**2 - t - 1. Let q be z(8). Let w be (-2)/(-9) - 160/q. What is the units digit of w/14 - 4/14?
1
Suppose 3*t + 0*t - 21 = 0. Suppose 0 = 2*v - 4*c, -2*c - c + 2 = -2*v. Let a = v + t. What is the units digit of a?
3
Let m(s) = 2*s + 0 + 0. Let d(u) = u**3 - 5*u**2 + 4*u + 2. Let f be d(4). What is the units digit of m(f)?
4
Let g = 7 + -7. Suppose 2*j - 6 = 0, b - 4*b + 2*j = g. Suppose -4*f = -0*f - 5*y - 37, -4*y = b*f - 12. What is the units digit of f?
8
Let x(m) = -m**2 + 5*m + 8. Let p(j) = 7*j**3 - 2*j**2 + j. Let s be p(1). What is the units digit of x(s)?
2
Let l(p) = p + 0 + p**2 + 3 - 3. What is the units digit of l(-4)?
2
Suppose 2*x + 3*a = 9, -1 = -0*x - x + 2*a. Let o(d) = 8 + 3*d**3 - 7*d + d - 8*d**2 - 4*d**x. What is the units digit of o(-7)?
1
Suppose -5*a = -3*l - 339, 2*l - 99 = 4*a - 371. What is the units digit of a?
9
Let p(c) = 28*c**2. What is the units digit of p(1)?
8
Let j(s) = s**2 + 7*s + 6. Let h be j(-7). Let w = 11 - h. Suppose -3*x = -w*x + 12. What is the units digit of x?
6
Suppose -4*t + 208 - 60 = 0. What is the units digit of t?
7
Let k(g) = 7*g**3 - 3*g**2 - 9*g + 14. What is the units digit of k(4)?
8
Let p(o) = -o**2 + 9 + 3*o + 4*o + 3*o. What is the units digit of p(10)?
9
Let q(y) = -5*y - 1. Let u be q(1). Let w = 9 + -12. Let x = w - u. What is the units digit of x?
3
Let p = 0 - -3. Suppose p*f - q = 12, 4*f - 20 = -f - 3*q. Let l = 1 + f. What is the units digit of l?
5
Suppose -3*u + 1106 = 4*i, -5*i - 2*u = -2*i - 830. What is the hundreds digit of i?
2
Suppose 5*t + 248 = -n + 1689, -4*t = 4*n - 1156. What is the tens digit of t?
8
Suppose 3*m - 13 = 2. Suppose -m*a + 45 = 5*l, 2*l - 3*a - 18 = a. Suppose -5*d + 26 + l = 0. What is the units digit of d?
7
Suppose 3 + 21 = 4*a. What is the tens digit of a/2*20/6?
1
Let q(v) = 2*v**2 + 10*v + 2. Let l be q(-8). Suppose 0 = -2*j - 4*p + 52, 2*j - p - l = -3*p. What is the units digit of j?
4
Suppose 0 = 5*b - 7 - 3. Suppose -12 = -5*a - b. What is the units digit of a?
2
Suppose 0 = -2*k + 5*k - 18. What is the units digit of (-261)/6*(-4)/k?
9
Let o(t) = -t**3 - 8*t**2 - 18*t + 8. What is the units digit of o(-7)?
5
Let d(r) = 3*r**2 - 4*r - 3. Let i be d(-2). Suppose 3*h - 1 - i = 0. Suppose 24 = 5*g - h. What is the units digit of g?
6
Let j be 0*(-1 + (-2)/(-4)). Suppose -4 = -3*z - 4*b - 26, -z - 5*b = j. What is the units digit of (-44)/z - 6/15?
4
Suppose 2*l = 4*u - 0*l - 340, -l + 85 = u. What is the tens digit of u?
8
Let d = -55 + -15. Let x = -43 - d. What is the tens digit of x?
2
Suppose -4*m + 6*m + 3*x - 395 = 0, 2*m - 2*x - 410 = 0. What is the tens digit of m?
0
Let t(b) = b**3 - 6*b**2 + b + 3. Suppose -k - 26 = -3*c + 3*k, -3*c + 3*k = -24. What is the units digit of t(c)?
9
Let b(j) = j**2 + 9. Let n be b(8). Suppose 5*w + 35 = 5*k - 0*w, 4*k + 5*w - n = 0. What is the units digit of k?
2
Let p(b) = b**2 - 8*b - 7. Let y be p(6). Let z be (2 - 3 - 0)*11. Let f = z - y. What is the units digit of f?
8
Suppose h - 2*k + 0 = 4, 4*h - 36 = -2*k. Suppose z + 2*t = h, t + t = 2*z - 4. What is the units digit of z?
4
Suppose 3*o = 7*o. Let n be -6 + (2 - (o - 0)). What is the units digit of n/14 + (-232)/(-28)?
8
Suppose 3*i = 4*i - 3